5
What is the remainder when 1170287 is divided by 78019?
2
What is the remainder when 14382 is divided by 6644?
1094
Calculate the remainder when 5767 is divided by 714.
55
What is the remainder when 842195 is divided by 4069?
3981
What is the remainder when 1185339 is divided by 214?
207
What is the remainder when 2655144 is divided by 10538?
10106
Calculate the remainder when 64004975 is divided by 329.
328
Calculate the remainder when 10188079 is divided by 646.
13
Calculate the remainder when 526403 is divided by 6338.
349
Calculate the remainder when 12579 is divided by 8443.
4136
Calculate the remainder when 39780 is divided by 5443.
1679
What is the remainder when 32459126 is divided by 104?
102
What is the remainder when 191607884 is divided by 1757?
6
What is the remainder when 350828 is divided by 1369?
364
Calculate the remainder when 1201583 is divided by 3979.
3904
Calculate the remainder when 90683576 is divided by 18.
8
What is the remainder when 329420 is divided by 108506?
3902
Calculate the remainder when 22429132 is divided by 417.
370
Calculate the remainder when 9144509 is divided by 153.
5
Calculate the remainder when 1815616 is divided by 834.
832
What is the remainder when 6201042 is divided by 644?
610
What is the remainder when 2374580 is divided by 791479?
143
Calculate the remainder when 952823 is divided by 28873.
14
What is the remainder when 501909 is divided by 167303?
0
Calculate the remainder when 430929 is divided by 693.
576
Calculate the remainder when 14143944 is divided by 364.
360
What is the remainder when 216016 is divided by 70226?
5338
What is the remainder when 19011299 is divided by 1650?
1649
Calculate the remainder when 42847252 is divided by 2660.
2632
What is the remainder when 29886857 is divided by 4269547?
28
What is the remainder when 17077 is divided by 4111?
633
What is the remainder when 374378 is divided by 468?
446
Calculate the remainder when 3526759 is divided by 70532.
159
Calculate the remainder when 2533310 is divided by 22028.
90
Calculate the remainder when 35912356 is divided by 536005.
21
What is the remainder when 19728863 is divided by 6576262?
77
Calculate the remainder when 20614 is divided by 9398.
1818
What is the remainder when 48029 is divided by 20071?
7887
Calculate the remainder when 911741 is divided by 5.
1
What is the remainder when 1621956 is divided by 356?
20
What is the remainder when 26043 is divided by 788?
39
Calculate the remainder when 2642573 is divided by 399.
395
What is the remainder when 1238888 is divided by 129?
101
What is the remainder when 1160104 is divided by 456?
40
What is the remainder when 3710892 is divided by 218287?
13
Calculate the remainder when 942595 is divided by 284.
283
What is the remainder when 25252557 is divided by 38?
37
What is the remainder when 228940 is divided by 186?
160
What is the remainder when 21408535 is divided by 976?
951
Calculate the remainder when 2313189 is divided by 17.
16
Calculate the remainder when 6332296 is divided by 13.
9
What is the remainder when 2377154 is divided by 1125?
29
Calculate the remainder when 403470882 is divided by 1142.
1140
What is the remainder when 2870734 is divided by 1108?
1014
What is the remainder when 93644808 is divided by 2833?
2826
What is the remainder when 28735369 is divided by 17?
14
What is the remainder when 414102 is divided by 5368?
766
Calculate the remainder when 72901 is divided by 2549.
1529
Calculate the remainder when 73139 is divided by 92.
91
Calculate the remainder when 68209 is divided by 13284.
1789
What is the remainder when 20134110 is divided by 1107?
1101
What is the remainder when 585653962 is divided by 23?
17
Calculate the remainder when 2084480 is divided by 156.
8
Calculate the remainder when 205038 is divided by 672.
78
What is the remainder when 1567582 is divided by 6?
4
What is the remainder when 11243479 is divided by 432441?
13
What is the remainder when 71522 is divided by 64?
34
What is the remainder when 5459448 is divided by 226?
192
Calculate the remainder when 110559 is divided by 9179.
411
What is the remainder when 239513 is divided by 11404?
29
What is the remainder when 8651888 is divided by 45?
8
What is the remainder when 19575626 is divided by 6525207?
5
Calculate the remainder when 19343644 is divided by 38610.
34
What is the remainder when 5399243 is divided by 27?
26
Calculate the remainder when 117116 is divided by 1388.
524
Calculate the remainder when 44829 is divided by 1480.
429
Calculate the remainder when 4957402 is divided by 1652466.
4
What is the remainder when 20275731 is divided by 2347?
2345
Calculate the remainder when 188094 is divided by 1726.
1686
Calculate the remainder when 758381 is divided by 63168.
365
What is the remainder when 11115419 is divided by 1325?
1319
Calculate the remainder when 1116597 is divided by 3051.
2982
Calculate the remainder when 138684 is divided by 34662.
36
What is the remainder when 4012421 is divided by 1596?
77
What is the remainder when 301726 is divided by 60277?
341
Calculate the remainder when 156962 is divided by 646.
630
Calculate the remainder when 388208 is divided by 12123.
272
Calculate the remainder when 234996 is divided by 102.
90
Calculate the remainder when 1033546 is divided by 6541.
68
Calculate the remainder when 774278 is divided by 23436.
890
What is the remainder when 1260264 is divided by 11588?
8760
Calculate the remainder when 6658317 is divided by 4307.
4002
What is the remainder when 9353174 is divided by 4676512?
150
Calculate the remainder when 1065439 is divided by 20099.
192
What is the remainder when 106726243 is divided by 785?
783
Calculate the remainder when 7019304 is divided by 167.
127
What is the remainder when 4531011 is divided by 52684?
187
What is the remainder when 109174 is divided by 903?
814
What is the remainder when 18232699 is divided by 28?
23
What is the remainder when 961353 is divided by 5?
3
What is the remainder when 19385 is divided by 438?
113
Calculate the remainder when 951690 is divided by 7435.
10
What is the remainder when 95249 is divided by 179?
21
Calculate the remainder when 63504 is divided by 1813.
49
Calculate the remainder when 69710095 is divided by 532.
7
What is the remainder when 3334799 is divided by 492?
23
Calculate the remainder when 1545227 is divided by 6386.
6201
Calculate the remainder when 26720 is divided by 5263.
405
Calculate the remainder when 393760 is divided by 393532.
228
What is the remainder when 9567816 is divided by 869798?
38
Calculate the remainder when 6203 is divided by 1407.
575
What is the remainder when 552390 is divided by 552355?
35
What is the remainder when 19580474 is divided by 1103?
18
What is the remainder when 723209941 is divided by 26?
25
Calculate the remainder when 15090053 is divided by 61.
56
Calculate the remainder when 1729554 is divided by 406.
400
Calculate the remainder when 3656296 is divided by 914061.
52
Calculate the remainder when 4230012 is divided by 107.
88
Calculate the remainder when 44270208 is divided by 1328.
0
What is the remainder when 3828459 is divided by 75?
9
What is the remainder when 287223 is divided by 12465?
528
What is the remainder when 722388372 is divided by 6427?
6426
What is the remainder when 21088629 is divided by 12?
9
What is the remainder when 368017 is divided by 40872?
169
Calculate the remainder when 56847 is divided by 13405.
3227
Calculate the remainder when 8476911 is divided by 376.
367
What is the remainder when 12653293 is divided by 1566?
13
What is the remainder when 9543370 is divided by 3955?
3910
Calculate the remainder when 622257 is divided by 4552.
3185
Calculate the remainder when 6849133 is divided by 530.
473
What is the remainder when 121960 is divided by 1063?
778
What is the remainder when 2870304 is divided by 75?
54
What is the remainder when 2058860 is divided by 2452?
1632
Calculate the remainder when 141918 is divided by 381.
186
What is the remainder when 132118138 is divided by 6?
4
Calculate the remainder when 51946499 is divided by 1967.
1963
Calculate the remainder when 3533159 is divided by 181.
39
Calculate the remainder when 2231289 is divided by 2231232.
57
Calculate the rema